{"id":1037,"date":"2026-01-31T20:28:57","date_gmt":"2026-01-31T19:28:57","guid":{"rendered":"https:\/\/badminton-neustadt-orla.de\/home\/?page_id=1037"},"modified":"2026-01-31T20:28:57","modified_gmt":"2026-01-31T19:28:57","slug":"griffarten","status":"publish","type":"page","link":"https:\/\/badminton-neustadt-orla.de\/home\/griffarten\/","title":{"rendered":"Griffarten"},"content":{"rendered":"\n<h2 class=\"wp-block-heading\">Badminton Griffarten Trainer<\/h2>\n\n\n\n<p><strong>Es dient dazu, sich an die verschiedenen Griffarten (die auf den Bildern gezeigt werden) zu gew\u00f6hnen, zum Spielen ist es nur bedingt geeignet.<\/strong><\/p>\n\n\n\n<p><strong><em>Montage des Grifftrainers<\/em><\/strong><\/p>\n\n\n\n<figure class=\"wp-block-image size-full\"><img data-recalc-dims=\"1\" loading=\"lazy\" decoding=\"async\" width=\"640\" height=\"853\" src=\"https:\/\/i0.wp.com\/badminton-neustadt-orla.de\/wp-content\/uploads\/2026\/01\/Montage.webp?resize=640%2C853&#038;ssl=1\" alt=\"\" class=\"wp-image-778\" srcset=\"https:\/\/i0.wp.com\/badminton-neustadt-orla.de\/wp-content\/uploads\/2026\/01\/Montage.webp?w=768&amp;ssl=1 768w, https:\/\/i0.wp.com\/badminton-neustadt-orla.de\/wp-content\/uploads\/2026\/01\/Montage.webp?resize=225%2C300&amp;ssl=1 225w\" sizes=\"auto, (max-width: 640px) 100vw, 640px\" \/><\/figure>\n\n\n\n<p><em>V-Griff f\u00fcr Vorhand Aufschl\u00e4ge und \u00dcberkopfschl\u00e4ge<\/em><\/p>\n\n\n\n<figure class=\"wp-block-image size-full\"><img data-recalc-dims=\"1\" loading=\"lazy\" decoding=\"async\" width=\"640\" height=\"842\" src=\"https:\/\/i0.wp.com\/badminton-neustadt-orla.de\/wp-content\/uploads\/2026\/01\/V-Griff.jpg?resize=640%2C842&#038;ssl=1\" alt=\"\" class=\"wp-image-777\" srcset=\"https:\/\/i0.wp.com\/badminton-neustadt-orla.de\/wp-content\/uploads\/2026\/01\/V-Griff.jpg?w=778&amp;ssl=1 778w, https:\/\/i0.wp.com\/badminton-neustadt-orla.de\/wp-content\/uploads\/2026\/01\/V-Griff.jpg?resize=228%2C300&amp;ssl=1 228w, https:\/\/i0.wp.com\/badminton-neustadt-orla.de\/wp-content\/uploads\/2026\/01\/V-Griff.jpg?resize=768%2C1011&amp;ssl=1 768w\" sizes=\"auto, (max-width: 640px) 100vw, 640px\" \/><\/figure>\n\n\n\n<p><em>Daumengriff f\u00fcr R\u00fcckhandschl\u00e4ge<\/em><\/p>\n\n\n\n<figure class=\"wp-block-image size-full\"><img data-recalc-dims=\"1\" loading=\"lazy\" decoding=\"async\" width=\"640\" height=\"853\" src=\"https:\/\/i0.wp.com\/badminton-neustadt-orla.de\/wp-content\/uploads\/2026\/01\/Rueckhandgriff.jpeg?resize=640%2C853&#038;ssl=1\" alt=\"\" class=\"wp-image-783\" srcset=\"https:\/\/i0.wp.com\/badminton-neustadt-orla.de\/wp-content\/uploads\/2026\/01\/Rueckhandgriff.jpeg?w=768&amp;ssl=1 768w, https:\/\/i0.wp.com\/badminton-neustadt-orla.de\/wp-content\/uploads\/2026\/01\/Rueckhandgriff.jpeg?resize=225%2C300&amp;ssl=1 225w\" sizes=\"auto, (max-width: 640px) 100vw, 640px\" \/><\/figure>\n\n\n\n<p><em>Rush-Griff f\u00fcr Drive<\/em><\/p>\n\n\n\n<figure class=\"wp-block-image size-full\"><img data-recalc-dims=\"1\" loading=\"lazy\" decoding=\"async\" width=\"640\" height=\"853\" src=\"https:\/\/i0.wp.com\/badminton-neustadt-orla.de\/wp-content\/uploads\/2026\/01\/Rushgriff.jpg?resize=640%2C853&#038;ssl=1\" alt=\"\" class=\"wp-image-775\" srcset=\"https:\/\/i0.wp.com\/badminton-neustadt-orla.de\/wp-content\/uploads\/2026\/01\/Rushgriff.jpg?w=768&amp;ssl=1 768w, https:\/\/i0.wp.com\/badminton-neustadt-orla.de\/wp-content\/uploads\/2026\/01\/Rushgriff.jpg?resize=225%2C300&amp;ssl=1 225w\" sizes=\"auto, (max-width: 640px) 100vw, 640px\" \/><\/figure>\n\n\n\n<p><em>Pfannengriff f\u00fcr Schnittb\u00e4lle am Netz<\/em><\/p>\n\n\n\n<figure class=\"wp-block-image size-full\"><img data-recalc-dims=\"1\" loading=\"lazy\" decoding=\"async\" width=\"640\" height=\"853\" src=\"https:\/\/i0.wp.com\/badminton-neustadt-orla.de\/wp-content\/uploads\/2026\/01\/Pfannengriff.jpg?resize=640%2C853&#038;ssl=1\" alt=\"\" class=\"wp-image-776\" srcset=\"https:\/\/i0.wp.com\/badminton-neustadt-orla.de\/wp-content\/uploads\/2026\/01\/Pfannengriff.jpg?w=768&amp;ssl=1 768w, https:\/\/i0.wp.com\/badminton-neustadt-orla.de\/wp-content\/uploads\/2026\/01\/Pfannengriff.jpg?resize=225%2C300&amp;ssl=1 225w\" sizes=\"auto, (max-width: 640px) 100vw, 640px\" \/><\/figure>\n","protected":false},"excerpt":{"rendered":"<p>Badminton Griffarten Trainer Es dient dazu, sich an die verschiedenen Griffarten (die auf den Bildern gezeigt werden) zu gew\u00f6hnen, zum Spielen ist es nur bedingt geeignet. Montage des Grifftrainers V-Griff f\u00fcr Vorhand Aufschl\u00e4ge und \u00dcberkopfschl\u00e4ge Daumengriff f\u00fcr R\u00fcckhandschl\u00e4ge Rush-Griff f\u00fcr Drive Pfannengriff f\u00fcr Schnittb\u00e4lle am Netz<\/p>\n","protected":false},"author":15,"featured_media":0,"parent":0,"menu_order":0,"comment_status":"closed","ping_status":"closed","template":"","meta":{"footnotes":""},"class_list":["post-1037","page","type-page","status-publish","hentry"],"_links":{"self":[{"href":"https:\/\/badminton-neustadt-orla.de\/home\/wp-json\/wp\/v2\/pages\/1037","targetHints":{"allow":["GET"]}}],"collection":[{"href":"https:\/\/badminton-neustadt-orla.de\/home\/wp-json\/wp\/v2\/pages"}],"about":[{"href":"https:\/\/badminton-neustadt-orla.de\/home\/wp-json\/wp\/v2\/types\/page"}],"author":[{"embeddable":true,"href":"https:\/\/badminton-neustadt-orla.de\/home\/wp-json\/wp\/v2\/users\/15"}],"replies":[{"embeddable":true,"href":"https:\/\/badminton-neustadt-orla.de\/home\/wp-json\/wp\/v2\/comments?post=1037"}],"version-history":[{"count":1,"href":"https:\/\/badminton-neustadt-orla.de\/home\/wp-json\/wp\/v2\/pages\/1037\/revisions"}],"predecessor-version":[{"id":1038,"href":"https:\/\/badminton-neustadt-orla.de\/home\/wp-json\/wp\/v2\/pages\/1037\/revisions\/1038"}],"wp:attachment":[{"href":"https:\/\/badminton-neustadt-orla.de\/home\/wp-json\/wp\/v2\/media?parent=1037"}],"curies":[{"name":"wp","href":"https:\/\/api.w.org\/{rel}","templated":true}]}}